{"id":38457,"date":"2023-04-21T14:13:20","date_gmt":"2023-04-21T14:13:20","guid":{"rendered":"https:\/\/vrip.ubiobio.cl\/inicio\/?page_id=38457"},"modified":"2023-11-21T12:52:50","modified_gmt":"2023-11-21T12:52:50","slug":"concurso-proyectos-de-prototipos-2023","status":"publish","type":"page","link":"https:\/\/vrip.ubiobio.cl\/inicio\/concurso-proyectos-de-prototipos-2023\/","title":{"rendered":"Concurso Proyectos de Prototipos 2023"},"content":{"rendered":"\t\t<div data-elementor-type=\"wp-page\" data-elementor-id=\"38457\" class=\"elementor elementor-38457\" data-elementor-settings=\"{&quot;ha_cmc_init_switcher&quot;:&quot;no&quot;}\">\n\t\t\t\t\t\t<section class=\"elementor-section elementor-top-section elementor-element elementor-element-7fe7f59 elementor-section-boxed elementor-section-height-default elementor-section-height-default\" data-id=\"7fe7f59\" data-element_type=\"section\" data-e-type=\"section\" data-settings=\"{&quot;_ha_eqh_enable&quot;:false}\">\n\t\t\t\t\t\t<div class=\"elementor-container elementor-column-gap-default\">\n\t\t\t\t\t<div class=\"elementor-column elementor-col-100 elementor-top-column elementor-element elementor-element-742ad038\" data-id=\"742ad038\" data-element_type=\"column\" data-e-type=\"column\">\n\t\t\t<div class=\"elementor-widget-wrap elementor-element-populated\">\n\t\t\t\t\t\t<div class=\"elementor-element elementor-element-596f5107 elementor-widget elementor-widget-text-editor\" data-id=\"596f5107\" data-element_type=\"widget\" data-e-type=\"widget\" data-widget_type=\"text-editor.default\">\n\t\t\t\t<div class=\"elementor-widget-container\">\n\t\t\t\t\t\t\t\t\t<p><img fetchpriority=\"high\" decoding=\"async\" class=\"alignnone wp-image-39173 size-full\" src=\"https:\/\/vrip.ubiobio.cl\/wp-content\/uploads\/2023\/05\/prototipo-3-03-scaled.jpg\" alt=\"\" width=\"2560\" height=\"878\" srcset=\"https:\/\/vrip.ubiobio.cl\/wp-content\/uploads\/2023\/05\/prototipo-3-03-scaled.jpg 2560w, https:\/\/vrip.ubiobio.cl\/wp-content\/uploads\/2023\/05\/prototipo-3-03-380x130.jpg 380w, https:\/\/vrip.ubiobio.cl\/wp-content\/uploads\/2023\/05\/prototipo-3-03-1024x351.jpg 1024w, https:\/\/vrip.ubiobio.cl\/wp-content\/uploads\/2023\/05\/prototipo-3-03-768x264.jpg 768w, https:\/\/vrip.ubiobio.cl\/wp-content\/uploads\/2023\/05\/prototipo-3-03-1536x527.jpg 1536w, https:\/\/vrip.ubiobio.cl\/wp-content\/uploads\/2023\/05\/prototipo-3-03-2048x703.jpg 2048w\" sizes=\"(max-width: 2560px) 100vw, 2560px\" \/><\/p><p>La <strong>Vicerrector\u00eda de Investigaci\u00f3n y Postgrado<\/strong> a trav\u00e9s de la <strong>Unidad de Proyectos<\/strong> de la <strong>Direcci\u00f3n de Innovaci\u00f3n<\/strong>, informa que a partir del d\u00eda <em>jueves 20 de abril<\/em>, se encuentra abierta la Convocatoria para el concurso <strong>\u00abProyectos de Prototipos A\u00f1o 2023\u00bb<\/strong>.<\/p><p><span style=\"font-weight: 400;\">\u00a0<\/span>El objetivo del concurso es financiar y apoyar proyectos que involucren el desarrollo de prototipos de nuevos productos y\/o procesos, que presenten un evidente grado de innovaci\u00f3n con respecto a lo existente en el mercado, y que apunten a una necesidad\/oportunidad del medio externo y que sean susceptible de protecci\u00f3n intelectual.<\/p><p>El concurso financia proyectos de\u00a0<strong>hasta $10.000.000.-<\/strong>\u00a0(diez millones de pesos M\/N), en un plazo m\u00e1ximo de ejecuci\u00f3n de\u00a0<strong>12 meses<\/strong>.<\/p><p>El plazo de cierre para enviar las postulaciones es el d\u00eda<strong>\u00a0<u>jueves 22 de junio de 2023 a las 17:00 horas<\/u><\/strong><u>.<\/u><u>\u00a0<\/u>El formulario de postulaci\u00f3n y anexos deber\u00e1n ser enviados al correo electr\u00f3nico:\u00a0<u><strong><a href=\"mailto:innovacion@ubiobio.cl\">innovacion@ubiobio.cl.<\/a><\/strong><\/u><\/p><p>Cualquier consulta al respecto, agradeceremos tomar contacto al mail:\u00a0<u><strong><a href=\"mailto:innovacion@ubiobio.cl\">innovacion@ubiobio.cl<\/a><\/strong><\/u><\/p><p><a href=\"https:\/\/vrip.ubiobio.cl\/wp-content\/uploads\/2023\/11\/Resultado-Proyectos-de-Prototipos-2023.pdf\" target=\"_blank\" rel=\"noopener\">Resultados<\/a><\/p><div style=\"display: none;\"><strong style=\"color: var( --e-global-color-text ); font-style: var( --e-global-typography-text-font-style );\">Documentaci\u00f3n:<\/strong><a href=\"https:\/\/vrip.ubiobio.cl\/wp-content\/uploads\/2023\/04\/BASES-CONCURSO-PROTOTIPOS-2023.pdf\" target=\"_blank\" rel=\"noopener\">Bases del Concurso<\/a><br \/><a href=\"https:\/\/vrip.ubiobio.cl\/wp-content\/uploads\/2023\/04\/Formulario-Concurso-Prototipo-2023.doc\">Formulario de postulaci\u00f3n<\/a><br \/><a href=\"https:\/\/vrip.ubiobio.cl\/wp-content\/uploads\/2023\/04\/Anexo-N\u00b01-Carta-de-Interes-Empresa-Prototipos-2023.docx\"><strong>Anexo N\u00b0 1:<\/strong> Carta de Inter\u00e9s Empresa<\/a><br \/><a href=\"https:\/\/vrip.ubiobio.cl\/wp-content\/uploads\/2023\/04\/Anexo-N\u00b02-Declaracion-Simple-Integridad-Investigacion-Prototipos-2023.docx\"><strong>Anexo N\u00b0 2:<\/strong> Declaraci\u00f3n Simple (Integridad Investigaci\u00f3n)<\/a><br \/><a href=\"https:\/\/vrip.ubiobio.cl\/wp-content\/uploads\/2023\/04\/Anexo-N\u00b03-Informe-de-Visacion-Horaria-Utilizacion-Infraestructura-Prototipos-2023.docx\"><strong>Anexo N\u00b0 3:<\/strong> Informe de Visaci\u00f3n Horaria &#8211; Utilizaci\u00f3n Infraestructura<\/a><br \/><a href=\"https:\/\/vrip.ubiobio.cl\/wp-content\/uploads\/2023\/04\/Anexo-N\u00b04-Constancia-Direccion-de-Innovacion-Prototipos-2023.docx\"><strong>Anexo N\u00b0 4:<\/strong> Constancia Direcci\u00f3n de Innovaci\u00f3n<\/a><br \/><a href=\"https:\/\/vrip.ubiobio.cl\/wp-content\/uploads\/2023\/04\/Anexo-N\u00b05-Carta-Gantt-Prototipos-2023.xlsx\"><strong>Anexo N\u00b0 5:<\/strong> Carta Gantt<\/a><br \/><a href=\"https:\/\/vrip.ubiobio.cl\/wp-content\/uploads\/2023\/04\/Anexo-N\u00b06-Convenio-Proyectos-Prototipos-2023.docx\"><strong>Anexo N\u00b0 6:<\/strong> Convenio Proyectos<\/a><\/div>\t\t\t\t\t\t\t\t<\/div>\n\t\t\t\t<\/div>\n\t\t\t\t\t<\/div>\n\t\t<\/div>\n\t\t\t\t\t<\/div>\n\t\t<\/section>\n\t\t\t\t<\/div>\n\t\t","protected":false},"excerpt":{"rendered":"<p>La Vicerrector\u00eda de Investigaci\u00f3n y Postgrado a trav\u00e9s de la Unidad de Proyectos de la Direcci\u00f3n de Innovaci\u00f3n, informa que a partir del d\u00eda jueves 20 de abril, se encuentra abierta la Convocatoria para el concurso \u00abProyectos de Prototipos A\u00f1o 2023\u00bb. \u00a0El objetivo del concurso es financiar y apoyar proyectos que involucren el desarrollo de&#8230;<\/p>\n","protected":false},"author":1,"featured_media":0,"parent":0,"menu_order":0,"comment_status":"closed","ping_status":"closed","template":"","meta":{"_kadence_starter_templates_imported_post":false,"_kad_post_transparent":"default","_kad_post_title":"hide","_kad_post_layout":"narrow","_kad_post_sidebar_id":"","_kad_post_content_style":"boxed","_kad_post_vertical_padding":"bottom","_kad_post_feature":"","_kad_post_feature_position":"","_kad_post_header":false,"_kad_post_footer":false,"footnotes":""},"class_list":["post-38457","page","type-page","status-publish","hentry"],"yoast_head":"<!-- This site is optimized with the Yoast SEO plugin v27.5 - https:\/\/yoast.com\/product\/yoast-seo-wordpress\/ -->\n<title>Concurso Proyectos de Prototipos 2023 - VRIP<\/title>\n<meta name=\"robots\" content=\"index, follow, max-snippet:-1, max-image-preview:large, max-video-preview:-1\" \/>\n<link rel=\"canonical\" href=\"https:\/\/vrip.ubiobio.cl\/inicio\/concurso-proyectos-de-prototipos-2023\/\" \/>\n<meta property=\"og:locale\" content=\"es_ES\" \/>\n<meta property=\"og:type\" content=\"article\" \/>\n<meta property=\"og:title\" content=\"Concurso Proyectos de Prototipos 2023 - VRIP\" \/>\n<meta property=\"og:description\" content=\"La Vicerrector\u00eda de Investigaci\u00f3n y Postgrado a trav\u00e9s de la Unidad de Proyectos de la Direcci\u00f3n de Innovaci\u00f3n, informa que a partir del d\u00eda jueves 20 de abril, se encuentra abierta la Convocatoria para el concurso \u00abProyectos de Prototipos A\u00f1o 2023\u00bb. \u00a0El objetivo del concurso es financiar y apoyar proyectos que involucren el desarrollo de...\" \/>\n<meta property=\"og:url\" content=\"https:\/\/vrip.ubiobio.cl\/inicio\/concurso-proyectos-de-prototipos-2023\/\" \/>\n<meta property=\"og:site_name\" content=\"VRIP\" \/>\n<meta property=\"article:modified_time\" content=\"2023-11-21T12:52:50+00:00\" \/>\n<meta property=\"og:image\" content=\"https:\/\/vrip.ubiobio.cl\/wp-content\/uploads\/2023\/05\/prototipo-3-03-scaled.jpg\" \/>\n\t<meta property=\"og:image:width\" content=\"2560\" \/>\n\t<meta property=\"og:image:height\" content=\"878\" \/>\n\t<meta property=\"og:image:type\" content=\"image\/jpeg\" \/>\n<meta name=\"twitter:card\" content=\"summary_large_image\" \/>\n<meta name=\"twitter:site\" content=\"@vripubb\" \/>\n<meta name=\"twitter:label1\" content=\"Tiempo de lectura\" \/>\n\t<meta name=\"twitter:data1\" content=\"1 minuto\" \/>\n<script type=\"application\/ld+json\" class=\"yoast-schema-graph\">{\"@context\":\"https:\\\/\\\/schema.org\",\"@graph\":[{\"@type\":\"WebPage\",\"@id\":\"https:\\\/\\\/vrip.ubiobio.cl\\\/inicio\\\/concurso-proyectos-de-prototipos-2023\\\/\",\"url\":\"https:\\\/\\\/vrip.ubiobio.cl\\\/inicio\\\/concurso-proyectos-de-prototipos-2023\\\/\",\"name\":\"Concurso Proyectos de Prototipos 2023 - VRIP\",\"isPartOf\":{\"@id\":\"https:\\\/\\\/vrip.ubiobio.cl\\\/inicio\\\/#website\"},\"primaryImageOfPage\":{\"@id\":\"https:\\\/\\\/vrip.ubiobio.cl\\\/inicio\\\/concurso-proyectos-de-prototipos-2023\\\/#primaryimage\"},\"image\":{\"@id\":\"https:\\\/\\\/vrip.ubiobio.cl\\\/inicio\\\/concurso-proyectos-de-prototipos-2023\\\/#primaryimage\"},\"thumbnailUrl\":\"https:\\\/\\\/vrip.ubiobio.cl\\\/wp-content\\\/uploads\\\/2023\\\/05\\\/prototipo-3-03-scaled.jpg\",\"datePublished\":\"2023-04-21T14:13:20+00:00\",\"dateModified\":\"2023-11-21T12:52:50+00:00\",\"breadcrumb\":{\"@id\":\"https:\\\/\\\/vrip.ubiobio.cl\\\/inicio\\\/concurso-proyectos-de-prototipos-2023\\\/#breadcrumb\"},\"inLanguage\":\"es\",\"potentialAction\":[{\"@type\":\"ReadAction\",\"target\":[\"https:\\\/\\\/vrip.ubiobio.cl\\\/inicio\\\/concurso-proyectos-de-prototipos-2023\\\/\"]}]},{\"@type\":\"ImageObject\",\"inLanguage\":\"es\",\"@id\":\"https:\\\/\\\/vrip.ubiobio.cl\\\/inicio\\\/concurso-proyectos-de-prototipos-2023\\\/#primaryimage\",\"url\":\"https:\\\/\\\/vrip.ubiobio.cl\\\/wp-content\\\/uploads\\\/2023\\\/05\\\/prototipo-3-03-scaled.jpg\",\"contentUrl\":\"https:\\\/\\\/vrip.ubiobio.cl\\\/wp-content\\\/uploads\\\/2023\\\/05\\\/prototipo-3-03-scaled.jpg\"},{\"@type\":\"BreadcrumbList\",\"@id\":\"https:\\\/\\\/vrip.ubiobio.cl\\\/inicio\\\/concurso-proyectos-de-prototipos-2023\\\/#breadcrumb\",\"itemListElement\":[{\"@type\":\"ListItem\",\"position\":1,\"name\":\"Portada\",\"item\":\"https:\\\/\\\/vrip.ubiobio.cl\\\/inicio\\\/\"},{\"@type\":\"ListItem\",\"position\":2,\"name\":\"Concurso Proyectos de Prototipos 2023\"}]},{\"@type\":\"WebSite\",\"@id\":\"https:\\\/\\\/vrip.ubiobio.cl\\\/inicio\\\/#website\",\"url\":\"https:\\\/\\\/vrip.ubiobio.cl\\\/inicio\\\/\",\"name\":\"VRIP\",\"description\":\"Vicerrector\u00eda de Investigaci\u00f3n y Postgrado\",\"publisher\":{\"@id\":\"https:\\\/\\\/vrip.ubiobio.cl\\\/inicio\\\/#organization\"},\"potentialAction\":[{\"@type\":\"SearchAction\",\"target\":{\"@type\":\"EntryPoint\",\"urlTemplate\":\"https:\\\/\\\/vrip.ubiobio.cl\\\/inicio\\\/?s={search_term_string}\"},\"query-input\":{\"@type\":\"PropertyValueSpecification\",\"valueRequired\":true,\"valueName\":\"search_term_string\"}}],\"inLanguage\":\"es\"},{\"@type\":\"Organization\",\"@id\":\"https:\\\/\\\/vrip.ubiobio.cl\\\/inicio\\\/#organization\",\"name\":\"VRIP\",\"url\":\"https:\\\/\\\/vrip.ubiobio.cl\\\/inicio\\\/\",\"logo\":{\"@type\":\"ImageObject\",\"inLanguage\":\"es\",\"@id\":\"https:\\\/\\\/vrip.ubiobio.cl\\\/inicio\\\/#\\\/schema\\\/logo\\\/image\\\/\",\"url\":\"https:\\\/\\\/vrip.ubiobio.cl\\\/wp-content\\\/uploads\\\/2022\\\/10\\\/logo-vrip_Mesa-de-trabajo-1.png\",\"contentUrl\":\"https:\\\/\\\/vrip.ubiobio.cl\\\/wp-content\\\/uploads\\\/2022\\\/10\\\/logo-vrip_Mesa-de-trabajo-1.png\",\"width\":642,\"height\":178,\"caption\":\"VRIP\"},\"image\":{\"@id\":\"https:\\\/\\\/vrip.ubiobio.cl\\\/inicio\\\/#\\\/schema\\\/logo\\\/image\\\/\"},\"sameAs\":[\"https:\\\/\\\/x.com\\\/vripubb\",\"https:\\\/\\\/www.instagram.com\\\/vrip_ubb\\\/\",\"https:\\\/\\\/www.youtube.com\\\/channel\\\/UCf7o8yHRJ7Y_QQLxwu1KQgA\",\"https:\\\/\\\/www.linkedin.com\\\/company\\\/96035097\\\/admin\\\/dashboard\\\/\"]}]}<\/script>\n<!-- \/ Yoast SEO plugin. -->","yoast_head_json":{"title":"Concurso Proyectos de Prototipos 2023 - VRIP","robots":{"index":"index","follow":"follow","max-snippet":"max-snippet:-1","max-image-preview":"max-image-preview:large","max-video-preview":"max-video-preview:-1"},"canonical":"https:\/\/vrip.ubiobio.cl\/inicio\/concurso-proyectos-de-prototipos-2023\/","og_locale":"es_ES","og_type":"article","og_title":"Concurso Proyectos de Prototipos 2023 - VRIP","og_description":"La Vicerrector\u00eda de Investigaci\u00f3n y Postgrado a trav\u00e9s de la Unidad de Proyectos de la Direcci\u00f3n de Innovaci\u00f3n, informa que a partir del d\u00eda jueves 20 de abril, se encuentra abierta la Convocatoria para el concurso \u00abProyectos de Prototipos A\u00f1o 2023\u00bb. \u00a0El objetivo del concurso es financiar y apoyar proyectos que involucren el desarrollo de...","og_url":"https:\/\/vrip.ubiobio.cl\/inicio\/concurso-proyectos-de-prototipos-2023\/","og_site_name":"VRIP","article_modified_time":"2023-11-21T12:52:50+00:00","og_image":[{"width":2560,"height":878,"url":"https:\/\/vrip.ubiobio.cl\/wp-content\/uploads\/2023\/05\/prototipo-3-03-scaled.jpg","type":"image\/jpeg"}],"twitter_card":"summary_large_image","twitter_site":"@vripubb","twitter_misc":{"Tiempo de lectura":"1 minuto"},"schema":{"@context":"https:\/\/schema.org","@graph":[{"@type":"WebPage","@id":"https:\/\/vrip.ubiobio.cl\/inicio\/concurso-proyectos-de-prototipos-2023\/","url":"https:\/\/vrip.ubiobio.cl\/inicio\/concurso-proyectos-de-prototipos-2023\/","name":"Concurso Proyectos de Prototipos 2023 - VRIP","isPartOf":{"@id":"https:\/\/vrip.ubiobio.cl\/inicio\/#website"},"primaryImageOfPage":{"@id":"https:\/\/vrip.ubiobio.cl\/inicio\/concurso-proyectos-de-prototipos-2023\/#primaryimage"},"image":{"@id":"https:\/\/vrip.ubiobio.cl\/inicio\/concurso-proyectos-de-prototipos-2023\/#primaryimage"},"thumbnailUrl":"https:\/\/vrip.ubiobio.cl\/wp-content\/uploads\/2023\/05\/prototipo-3-03-scaled.jpg","datePublished":"2023-04-21T14:13:20+00:00","dateModified":"2023-11-21T12:52:50+00:00","breadcrumb":{"@id":"https:\/\/vrip.ubiobio.cl\/inicio\/concurso-proyectos-de-prototipos-2023\/#breadcrumb"},"inLanguage":"es","potentialAction":[{"@type":"ReadAction","target":["https:\/\/vrip.ubiobio.cl\/inicio\/concurso-proyectos-de-prototipos-2023\/"]}]},{"@type":"ImageObject","inLanguage":"es","@id":"https:\/\/vrip.ubiobio.cl\/inicio\/concurso-proyectos-de-prototipos-2023\/#primaryimage","url":"https:\/\/vrip.ubiobio.cl\/wp-content\/uploads\/2023\/05\/prototipo-3-03-scaled.jpg","contentUrl":"https:\/\/vrip.ubiobio.cl\/wp-content\/uploads\/2023\/05\/prototipo-3-03-scaled.jpg"},{"@type":"BreadcrumbList","@id":"https:\/\/vrip.ubiobio.cl\/inicio\/concurso-proyectos-de-prototipos-2023\/#breadcrumb","itemListElement":[{"@type":"ListItem","position":1,"name":"Portada","item":"https:\/\/vrip.ubiobio.cl\/inicio\/"},{"@type":"ListItem","position":2,"name":"Concurso Proyectos de Prototipos 2023"}]},{"@type":"WebSite","@id":"https:\/\/vrip.ubiobio.cl\/inicio\/#website","url":"https:\/\/vrip.ubiobio.cl\/inicio\/","name":"VRIP","description":"Vicerrector\u00eda de Investigaci\u00f3n y Postgrado","publisher":{"@id":"https:\/\/vrip.ubiobio.cl\/inicio\/#organization"},"potentialAction":[{"@type":"SearchAction","target":{"@type":"EntryPoint","urlTemplate":"https:\/\/vrip.ubiobio.cl\/inicio\/?s={search_term_string}"},"query-input":{"@type":"PropertyValueSpecification","valueRequired":true,"valueName":"search_term_string"}}],"inLanguage":"es"},{"@type":"Organization","@id":"https:\/\/vrip.ubiobio.cl\/inicio\/#organization","name":"VRIP","url":"https:\/\/vrip.ubiobio.cl\/inicio\/","logo":{"@type":"ImageObject","inLanguage":"es","@id":"https:\/\/vrip.ubiobio.cl\/inicio\/#\/schema\/logo\/image\/","url":"https:\/\/vrip.ubiobio.cl\/wp-content\/uploads\/2022\/10\/logo-vrip_Mesa-de-trabajo-1.png","contentUrl":"https:\/\/vrip.ubiobio.cl\/wp-content\/uploads\/2022\/10\/logo-vrip_Mesa-de-trabajo-1.png","width":642,"height":178,"caption":"VRIP"},"image":{"@id":"https:\/\/vrip.ubiobio.cl\/inicio\/#\/schema\/logo\/image\/"},"sameAs":["https:\/\/x.com\/vripubb","https:\/\/www.instagram.com\/vrip_ubb\/","https:\/\/www.youtube.com\/channel\/UCf7o8yHRJ7Y_QQLxwu1KQgA","https:\/\/www.linkedin.com\/company\/96035097\/admin\/dashboard\/"]}]}},"_links":{"self":[{"href":"https:\/\/vrip.ubiobio.cl\/inicio\/wp-json\/wp\/v2\/pages\/38457","targetHints":{"allow":["GET"]}}],"collection":[{"href":"https:\/\/vrip.ubiobio.cl\/inicio\/wp-json\/wp\/v2\/pages"}],"about":[{"href":"https:\/\/vrip.ubiobio.cl\/inicio\/wp-json\/wp\/v2\/types\/page"}],"author":[{"embeddable":true,"href":"https:\/\/vrip.ubiobio.cl\/inicio\/wp-json\/wp\/v2\/users\/1"}],"replies":[{"embeddable":true,"href":"https:\/\/vrip.ubiobio.cl\/inicio\/wp-json\/wp\/v2\/comments?post=38457"}],"version-history":[{"count":31,"href":"https:\/\/vrip.ubiobio.cl\/inicio\/wp-json\/wp\/v2\/pages\/38457\/revisions"}],"predecessor-version":[{"id":42337,"href":"https:\/\/vrip.ubiobio.cl\/inicio\/wp-json\/wp\/v2\/pages\/38457\/revisions\/42337"}],"wp:attachment":[{"href":"https:\/\/vrip.ubiobio.cl\/inicio\/wp-json\/wp\/v2\/media?parent=38457"}],"curies":[{"name":"wp","href":"https:\/\/api.w.org\/{rel}","templated":true}]}}